of 1 + 2718/21 + f/14.
131
Let x(y) = -5*y**2 - 5*y + 1588. What are the prime factors of x(0)?
2, 397
Let k be (-4 + 20/3)/(3/216). Suppose -h + k = -4*h. Let q = 166 + h. List the prime factors of q.
2, 3, 17
Let g(h) = h**2 + 305*h + 63. What are the prime factors of g(87)?
3, 7, 1627
Let s(o) = -11*o**3 + 63*o**2 + 133*o - 60. Let m(y) = -5*y**3 + 32*y**2 + 67*y - 30. Let t(i) = -13*m(i) + 6*s(i). What are the prime factors of t(-36)?
2, 3, 11
Suppose -1123 - 809 = -2*w - 5*i, 0 = 2*i. Suppose 3*c - 4764 + w = -4*m, -3*c = m - 3807. What are the prime factors of c?
2, 5, 127
Let p = 54230 - -9972. What are the prime factors of p?
2, 47, 683
Let o(x) = -x**3 - x**2 + 18*x + 84. Let s be o(-4). List the prime factors of ((2*-1)/2)/(s/(-9240)).
2, 7, 11
Let z = 46510 + -26419. List the prime factors of z.
3, 37, 181
Let o(j) = -2*j**3 - 21*j**2 + 2*j - 9. Let v be o(-11). Suppose -3*g + 4*a + v = a, 4*a - 50 = -g. What are the prime factors of g?
2, 17
Let c(y) = -y + y**3 + 7*y**2 - y + 1 + 0 - 6*y. Suppose 5*j - v = 4*v - 45, -5*v = 5*j + 15. What are the prime factors of c(j)?
5, 17
Let n = -151 + 153. Suppose -6*r = -n*r + 5*o - 1282, 2*o = -3*r + 965. List the prime factors of r.
17, 19
Let p be 1128/104 - 2/(-13). Let y = -4 + p. What are the prime factors of (-4)/(-28)*10*y?
2, 5
Let j(b) = 952*b**2 - b. Let d be j(1). Suppose 8052 = -8*x - 4*x. Let p = d + x. List the prime factors of p.
2, 5, 7
List the prime factors of (-12)/210*7 + -91072*(-3)/15.
2, 7, 1301
Let o(v) = -2*v - 37. Let m be o(-20). Suppose -1374 = -m*b + 243. What are the prime factors of b?
7, 11
Suppose -4555 = -2*d - t, 0 = d - 233*t + 229*t - 2300. What are the prime factors of d?
2, 3, 5, 19
Let g(q) = 4*q + 0*q**2 - 219 + 2*q**2 + 209. List the prime factors of g(7).
2, 29
Suppose -3*n - 7 = 2, 3*n + 46344 = 5*f. What are the prime factors of f?
3, 3089
Suppose 2*j = 5*r - 159278, 1547*r - 1549*r + 63710 = -2*j. List the prime factors of r.
2, 11, 181
Suppose -r - 143662 = -24*r + 128244. What are the prime factors of r?
2, 23, 257
What are the prime factors of (-34)/340 + (-6935865)/(-150)?
3, 15413
Suppose 153*w - 4226518 - 959975 = 416673. List the prime factors of w.
2, 18311
Suppose -11*y + 1111 + 2330 = 790. What are the prime factors of y?
241
Suppose 9*i - 2 = 7*i, -5*w + 748 = -2*i. Let k = -8 - -13. Suppose k*r - 382 = -2*f + f, 2*r - w = f. What are the prime factors of r?
2, 19
Let s(t) = 63*t - 1. Let h be s(1). Suppose 0 = h*k - 58*k - 64. Suppose 0 = k*c - 381 - 435. What are the prime factors of c?
3, 17
Suppose 3*f + 3*g - 2775 = 5*g, -g + 4638 = 5*f. Let d = f - 616. Suppose p = -0*p - 1, p + d = 5*i. List the prime factors of i.
2, 31
Let b be (2 - 0)/((-4)/(-6)). Suppose 26 = 2*a - 4*y, -18 - 1 = -b*a + y. Suppose a*h - 4245 = -10*h. List the prime factors of h.
283
Let z(b) = -4 + b**3 - 2*b**2 + 7*b + 2*b**2 - 5*b**2. Let y be z(4). Suppose x + y = 5*x. List the prime factors of x.
2
Let k(c) = 12*c - 164. Let p be k(14). Suppose 11*a - 15*a + 1300 = -p*w, -3*a = 5*w - 951. List the prime factors of a.
2, 7, 23
Let c = 23 - 12. Suppose -5*v + 15 = g - 3*v, -3*v = 0. Suppose c*f = g*f - 116. List the prime factors of f.
29
Suppose 80*l - 353772 = 68468. List the prime factors of l.
2, 7, 13, 29
Suppose 12*w = -67 - 41. What are the prime factors of (7059/w - -1)*6/(-4)?
5, 47
Let v = 1568 + 20170. What are the prime factors of v?
2, 3, 3623
What are the prime factors of (-13 - 9738)*308/(-98)?
2, 7, 11, 199
List the prime factors of 45/27*-543*(-22)/5.
2, 11, 181
Let i(y) = 11690*y**2 + 117*y + 117. What are the prime factors of i(-1)?
2, 5, 7, 167
Let m = 19 - 1. Let r(x) = 3*x - 13*x - m + 25*x + 23*x. List the prime factors of r(4).
2, 67
Let k(h) = -h**3 - 25*h**2 - 47*h - 19. Let c be k(-23). Suppose -c*p + r = -63, 4*r = r + 3. Suppose -p*q = -24*q + 824. List the prime factors of q.
103
Suppose -2*x + 2*v = -418, 2*x + 5*v - 364 = 68. Let i(y) = -7*y - 2. Let d be i(-1). Let l = d + x. What are the prime factors of l?
2, 3
Suppose 0 = -5*v + d + 500 + 758, 2*d + 500 = 2*v. Suppose 0 = -503*b + 506*b - 1272. Let i = b - v. List the prime factors of i.
2, 43
Let x = 4185 - 1069. List the prime factors of x.
2, 19, 41
Let i = 10321 - 1244. List the prime factors of i.
29, 313
Suppose 5*o - 1588 = -2*r, 3*o - 5*o = -5*r + 3941. Suppose -n + 4 + 293 = 0. Suppose 6*v - r = -n. What are the prime factors of v?
2, 41
Let m be 198/42 + 6/21. Suppose -318 = -2*c + 2*d, 4 = m*d + 9. Suppose 2*f + 3*w - 139 = c, f - 149 = -w. What are the prime factors of f?
2, 3, 5
Let g(d) be the third derivative of d**6/120 + 4*d**5/15 - d**4/2 - 4*d**3/3 + d**2. Let m = -15639 - -15623. What are the prime factors of g(m)?
2, 23
Let z(u) = -4*u**2 + 20*u - 7. Let m be z(4). Let y(g) = g**3 - 8*g**2 - 4*g - 2. What are the prime factors of y(m)?
43
Let v(m) = m**2 - 4. Suppose d - 26 = -z - 107, 5*d + z = -389. Let k be 6/(-33) - (-371)/d. What are the prime factors of v(k)?
3, 7
Let d(l) = 10*l**3 - l**2 - 3*l + 5. Suppose 2*r + 5 = -3*k, -8*k = -9*k - 3. What are the prime factors of d(r)?
3, 5
Let n(c) = c**2 - 3*c - 1. Let u(b) = -5*b**2 + 14*b + 221. Let a(f) = 4*n(f) + u(f). List the prime factors of a(0).
7, 31
Let o(v) = 678*v - 78. What are the prime factors of o(4)?
2, 3, 439
Let w(s) = s - 20. Let h(y) = 3*y - 41. Let x(r) = -3*h(r) + 5*w(r). Let p be x(7). List the prime factors of p + 17 + (2 - (-3 - -1)).
2
Let a be -4 + (1 - 5)/(-1). Suppose g + 38 - 147 = a. List the prime factors of g.
109
Suppose -17*i = 2*p - 14*i - 16956, 0 = 2*i + 4. List the prime factors of p.
3, 11, 257
Let n be (30/(-12))/((-3)/42). Let y = n - 31. Suppose -4*t = -3*x - 160 - 2, y*t - 4*x = 164. What are the prime factors of t?
3, 13
Let m = 26388 + -21151. What are the prime factors of m?
5237
Let a be 2402 + (0 - (-9)/(27/(-6))). Suppose 39*m - 43*m = -a. Suppose 2*w - b = 588, 0 = 2*w + b + b - m. List the prime factors of w.
2, 37
Let u = -2439 + 5104. What are the prime factors of u?
5, 13, 41
Suppose -j - 1420 = -2*t, 4*t + j - 2852 = -3*j. Suppose 3*u = t + 150. List the prime factors of u.
7, 41
Suppose 5*s = 61*s - 17416. List the prime factors of s.
311
List the prime factors of 9/12*(-100864)/(-16).
2, 3, 197
Let p(r) = -4*r**3 + 16*r**2 - 10*r - 3. Let y be p(6). Let b = y + 587. What are the prime factors of b?
2, 59
Let k = 90 + -85. Suppose f - 6 = -0*v + k*v, 0 = v - 5. Suppose 5*u - c - 191 = 0, 0*c + f = u - 2*c. List the prime factors of u.
3, 13
Suppose 374823 = 5241*v - 5232*v. What are the prime factors of v?
41647
Let m = -588 + 192. Let z = -390 - m. List the prime factors of z.
2, 3
Let d be (94/(-4))/((-7)/42). Let i be 0 + 422/6*3. Let z = i - d. List the prime factors of z.
2, 5, 7
Let o(t) = -t - 11. Let c be o(-11). Let p be 1 + -3 + c + (0 - 1). Let x = p + 46. What are the prime factors of x?
43
Suppose 4*h = 5*c + 14185, -17690 = -22*h + 17*h - 2*c. What are the prime factors of h?
2, 3, 5, 59
Suppose -l = -3*a - 5260, 2*a + 27658 - 6528 = 4*l. List the prime factors of l.
17, 311
Suppose -966 = -10*g + 4564. Let q = g - 59. List the prime factors of q.
2, 13, 19
Suppose p - 6 = -2*p. Let x = p - -3. Suppose -x*t + 155 = -0*t. List the prime factors of t.
31
Let p(w) = -351*w**3 - w**2 - w + 2. Let v be p(1). Let s = v + 407. What are the prime factors of s?
2, 7
Let i(n) = -n**3 + 8*n**2 - 12*n + 40. Let k be i(7). Suppose 8*u = k*j + 4*u - 5533, -3339 = -3*j - 4*u. List the prime factors of j.
1109
Let s be 3/9 + (-435)/(-45). What are the prime factors of (122*(-3)/(-10))/(3/s)?
2, 61
Let w(d) be the first derivative of 3*d**2 - 12*d - 21. Let x be w(4). Suppose 8*b - x*b = -112. List the prime factors of b.
2, 7
Suppose 0 = p + 5*a - a + 8, -p = 5*a + 10. Suppose p = -3*d - 71 - 4. Let b = d - -46. What are the prime factors of b?
3, 7
What are the prime factors of 6 + 4/(-2) - (-345 - 14436)?
5, 2957
Suppose -11*c + 3*c = 224. Let r(v) = -6*v - 69. What are the prime factors of r(c)?
3, 11
Let l(g) = 422*g**2 - 14*g + 5. Let b be l(5). Suppose -26*f = -41*f + b. List the prime factors of f.
3, 233
Let u(f) = -8 - 4*f - 4 - 32*f**3 - 7*f**2 - 3 + 13. Let v(g) = -64*g**3 - 15*g**2 - 9*g - 4. Let z(w) = -13*u(w) + 6*v(w). List th